**3 + 5*d**2 + 49*d - 207. Give p(5).
-462
Let i(y) = 5*y**3 - 152*y**2 - 149*y - 228. What is i(31)?
-1964
Let v(u) = 5*u**3 - 64*u**2 + 8*u + 484. Determine v(3).
67
Let n(d) = 3*d**3 - 241*d**2 + 4838*d - 79. Determine n(39).
-1
Let z(r) = 2185*r + 111437. What is z(-51)?
2
Let i(c) = c**2 - 7901*c - 3424955. Determine i(-412).
1
Let w(o) = o**3 - 129*o**2 - 659*o + 84987. What is w(129)?
-24
Let z(w) = -3*w**2 - 135518*w + 6783397. What is z(50)?
-3
Let a(l) = 9*l**3 - 5264*l**2 - 619*l + 19798. Determine a(585).
-92
Let s(x) = -29859*x - 179190. Determine s(-6).
-36
Let l(k) = 7*k**2 - 115*k - 2918. Determine l(-14).
64
Let u(h) = 79*h + 10009. Calculate u(-123).
292
Let o(y) = -y**3 + 174*y**2 + 12028*y + 260. What is o(227)?
-421
Let f(d) = -2*d**2 + 138*d + 616. Give f(21).
2632
Let w(s) = s**3 + 273*s**2 - 42*s - 11605. Determine w(-273).
-139
Let w(u) = -6982*u - 54200. What is w(-8)?
1656
Let q(k) = 2050*k + 4078. Calculate q(-2).
-22
Let u(c) = -2152*c**2 + 34431*c - 27. Give u(16).
-43
Let t(z) = -2*z**2 - 281*z - 5051. Calculate t(-118).
259
Let t(q) = 34*q**3 + 241*q**2 - 2533*q - 17866. Give t(-7).
12
Let g(i) = -7*i**3 - 975*i**2 - 2198*i - 880. Give g(-137).
-58
Let w(o) = 6519*o + 39134. Determine w(-6).
20
Let z(d) = d**3 - d**2 - 241*d - 3. Determine z(16).
-19
Let s(r) = 2*r**3 - 78*r**2 + 732*r + 67. Give s(16).
3
Let r(l) = -5*l**2 - 140*l + 1835. Calculate r(-38).
-65
Let h(m) = -354*m**2 + 15209*m + 75. Calculate h(43).
-484
Let l(d) = -d**3 + 64*d**2 - 186*d + 374. What is l(61)?
191
Let k(l) = 2*l**2 - 20*l - 868. Determine k(26).
-36
Let x(f) = -189454*f - 1894519. Give x(-10).
21
Let u(w) = 71965*w + 143888. What is u(-2)?
-42
Let f(h) = 6729*h + 6. Calculate f(0).
6
Let u(m) = 517*m - 143204. Give u(277).
5
Let l(v) = -445*v**2 + 3037*v + 38. Give l(7).
-508
Let l(n) = 211*n - 2393. What is l(12)?
139
Let t(y) = -y**2 - 186*y + 16665. What is t(67)?
-286
Let f(i) = 1102*i - 23124. Give f(21).
18
Let q(g) = 6*g**3 - 2198*g**2 - 339*g + 391986. Determine q(366).
0
Let s(v) = 24369*v + 804154. Calculate s(-33).
-23
Let z(b) = -b**2 - 167*b + 27116. What is z(101)?
48
Let y(p) = -4904*p - 220675. What is y(-45)?
5
Let h(f) = -3588*f + 225646. Give h(63).
-398
Let h(b) = b**2 - 28*b - 17411. Calculate h(-116).
-707
Let g(a) = 155*a + 302. Calculate g(3).
767
Let q(c) = -729*c + 6436. What is q(13)?
-3041
Let l(r) = 434542*r + 869034. Determine l(-2).
-50
Let p(j) = j**3 + 265*j**2 - 4*j - 206966. Determine p(-262).
14
Let i(p) = -2*p**2 - 1797*p - 236883. What is i(-738)?
15
Let i(k) = 65*k + 4419. What is i(-69)?
-66
Let t(u) = 7781*u - 466589. Determine t(60).
271
Let j(d) = 55*d + 1338. What is j(-57)?
-1797
Let q(b) = 780*b + 6275. Give q(-8).
35
Let g(h) = -15*h**2 + 687*h - 150. What is g(45)?
390
Let a(g) = -2*g**3 + 66*g**2 - 77*g + 486. Calculate a(32).
70
Let j(n) = 2525*n + 1713. What is j(-1)?
-812
Let u(b) = 82*b**2 - 4695*b - 89. What is u(57)?
-1286
Let j(m) = -4*m**3 + 151*m**2 + 181*m - 4862. Calculate j(38).
572
Let s(d) = 57*d**2 + 1138*d - 44. Give s(-20).
-4
Let d(a) = 2*a**3 + a**2 + 5583*a + 1. Determine d(0).
1
Let x(h) = h**3 + 3*h**2 + 8366*h + 50308. Give x(-6).
4
Let w(p) = 1274*p + 149070. What is w(-117)?
12
Let d(n) = -1211*n**2 + 3*n - 7. What is d(0)?
-7
Let t(q) = -77*q**2 + 315*q - 17. Determine t(3).
235
Let p(w) = -60*w**2 - 6591*w + 7659. What is p(-111)?
0
Let b(r) = -2*r**2 + 214*r - 5874. What is b(70)?
-694
Let x(f) = -270*f**2 + 12984*f - 1152. Determine x(48).
0
Let s(g) = 1210*g - 100510. What is s(83)?
-80
Let a(d) = -3*d**2 + 14055*d + 282300. Calculate a(-20).
0
Let h(l) = l**2 - 25994*l + 77977. Calculate h(3).
4
Let x(b) = 2*b**3 - 2340*b**2 - 3341*b + 1169851. Give x(1171).
22
Let d(u) = -u**3 + 2*u**2 + 520*u + 771. Give d(-21).
-6
Let w(a) = -a**2 - 5713*a + 62909. What is w(11)?
-55
Let u(h) = 6*h**2 - 69*h + 923. Give u(9).
788
Let y(s) = 1658*s + 67895. Determine y(-41).
-83
Let o(l) = l**3 - 19*l**2 + 48*l + 22. Give o(11).
-418
Let h(o) = -o**3 + 58*o**2 - 446*o - 1580. What is h(48)?
52
Let b(t) = 23200*t - 765606. Give b(33).
-6
Let r(j) = -j**3 - 7*j**2 + 79*j - 1135. What is r(-16)?
-95
Let t(r) = 717*r - 32302. Give t(41).
-2905
Let o(q) = 30*q**3 - 37*q**2 - 88*q + 124. Give o(1).
29
Let r(h) = -671*h**2 - 19090*h + 10706. Give r(-29).
5
Let i(h) = -h**2 - 262*h + 523. What is i(-264)?
-5
Let k(t) = t**3 + 232*t**2 + 1295*t - 13783. Determine k(-226).
3
Let w(y) = -577035*y + 5193306. Determine w(9).
-9
Let y(z) = -25*z**3 + 2766*z**2 + 1023*z - 2699. What is y(111)?
-35
Let u(d) = -14*d**2 + 216*d + 1093. What is u(-5)?
-337
Let r(i) = -17965*i + 53478. What is r(3)?
-417
Let m(x) = x**2 + 2347*x - 19072. Calculate m(8).
-232
Let u(x) = 2*x**3 + 218*x**2 + 434*x + 208. Calculate u(-107).
-434
Let p(a) = a**2 - 30*a + 239. Calculate p(19).
30
Let t(f) = -2*f**3 - 10*f**2 + 9325*f + 27990. Calculate t(-3).
-21
Let c(z) = 29*z**2 + 2342*z - 699. Calculate c(-81).
-132
Let t(m) = -m**3 - 23*m**2 - 57*m - 1281. Calculate t(-23).
30
Let y(u) = -u**3 + 48*u**2 - 27*u + 5525. Calculate y(50).
-825
Let f(o) = -21*o**2 - 238*o - 17. Determine f(-11).
60
Let k(j) = -669*j - 121982. Determine k(-182).
-224
Let r(k) = k**3 - 719*k**2 + 114236*k - 306. Calculate r(237).
168
Let g(h) = 169097*h - 845486. Give g(5).
-1
Let w(l) = l**3 + 11*l**2 - 4156*l - 45915. Determine w(-11).
-199
Let l(q) = -4515*q - 41113. What is l(-9)?
-478
Let b(d) = -2*d**3 + 985*d + 5867. Determine b(-6).
389
Let y(a) = -760435*a - 2281286. What is y(-3)?
19
Let h(t) = 5423*t - 5441. What is h(1)?
-18
Let q(t) = t**2 - 304*t - 1553. What is q(-5)?
-8
Let y(f) = 13*f**3 + 205*f**2 + 92*f - 837. Calculate y(-15).
33
Let v(s) = -2767*s + 5691. Determine v(2).
157
Let h(v) = v**2 - 5605*v + 128367. Calculate h(23).
-19
Let l(s) = 15*s**2 + 420*s - 9668. Determine l(15).
7
Let t(z) = z**2 - 942*z + 44612. Calculate t(50).
12
Let w(d) = -d**2 - 2453*d - 46513. Give w(-19).
-267
Let n(r) = 5*r**2 - 2054*r - 2700. What is n(412)?
-228
Let i(x) = 6*x**2 - 765*x + 3661. What is i(5)?
-14
Let m(a) = -19*a**3 + 4*a**2 - 394*a - 1546. Calculate m(-4).
1310
Let c(i) = -154*i**2 - 6900*i + 1364. Calculate c(-45).
14
Let a(w) = -346*w**2 + 1011*w - 1007. Calculate a(1).
-342
Let c(t) = 16740*t + 769856. What is c(-46)?
-184
Let y(a) = 2*a**2 - 71*a + 163. Give y(31).
-116
Let u(z) = 19758*z - 197574. Calculate u(10).
6
Let o(d) = 3*d**3 + 394*d**2 + 119*d - 176. Determine o(-131).
1396
Let r(f) = 1477*f + 302784. Give r(-205).
-1
Let b(q) = -2*q**3 - 10*q**2 + 8*q - 43. Determine b(-6).
-19
Let g(o) = o**3 + 4*o**2 + 1846*o + 3686. Calculate g(-2).
2
Let y(p) = 5*p**2 + 487*p + 608. What is y(-89)?
-3130
Let l(q) = 9*q**2 - 368*q + 267. Give l(42).
687
Let m(n) = -2470*n + 44281. Calculate m(18).
-179
Let v(s) = 9*s**3 + 7*s**2 + 221*s + 1255. Calculate v(-6).
-1763
Let h(c) = -3*c**3 + 8*c**2 + 296*c - 1192. Determine h(4).
-72
Let x(n) = -2*n**3 + 234*n**2 - 904*n + 1. Determine x(4).
1
Let p(g) = 1137*g - 26891. Give p(23).
-740
Let c(h) = h**3 + 21*h**2 - 4062*h + 695. Calculate c(54).
47
Let g(y) = -410*y - 129031. What is g(-315)?
119
Let h(k) = 133*k**2 + 7582*k + 48. Give h(-57).
-9
Let j(z) = 16*z**3 - 915*z**2 + 3420*z - 27. Determine j(4).
37
Let j(f) = 86*f**2 + 53*f - 989. Determine j(0).
-989
Let p(h) = -h**3 + 83*h**2 + 875*h - 4321. Determine p(92).
3
Let w(f) = -924*f - 18869. Give w(-20).
-389
Let q(t) = -1854*t - 93431. Determine q(-50).
-731
Let r(i) = 3*i**3 + 166*i**2 + 227*i + 646. Determine r(-54).
52
Let i(q) = 1418*q**2 - 222622*q - 481. Give i(157).
147
Let i(f) = f**2 + 15*f - 5816. Calculate i(66).
-470
Let t(m) = -3*m**3 + 518*m**2 - 733*m + 156739. Determine t(173).
1
Let j(v) = -201781*v + 403618. What is j(2)?
56
Let g(t) = t**3 - 170*t**2 - 2325*t - 9894. Determine g(183).
-12
Let j(x) = -118342*x - 473279. Determine j(-4).
89
Let h(c) = -9*c**3 + 174*c**2 - 852*c + 25. Determine h(10).
-95
Let u(m) = 2*m**2 + 3381*m + 40318. What is u(-12)?
34
Let o(h) = 1246*h**2 + 19837*h - 1586. Calculate o(-16).
-2
Let l(g) = 1418*g - 25656. What is l(18)?
-132
Let t(g) = -14*g**2 + 8976*g - 10227. Determine t(640).
13
Let l(z) = 2888*z + 87179. Give l(-30).
539
Let v(u) = 3*u**2 -